{"id":633,"date":"2020-10-13T09:00:26","date_gmt":"2020-10-13T09:00:26","guid":{"rendered":"http:\/\/localhost\/razzi\/?page_id=633"},"modified":"2022-11-01T05:59:53","modified_gmt":"2022-11-01T05:59:53","slug":"nosotros","status":"publish","type":"page","link":"https:\/\/goldenhandsjoyas.com\/index.php\/nosotros\/","title":{"rendered":"Nosotros"},"content":{"rendered":"\t\t<div data-elementor-type=\"wp-page\" data-elementor-id=\"633\" class=\"elementor elementor-633\">\n\t\t\t\t\t\t<section class=\"elementor-section elementor-top-section elementor-element elementor-element-68811d8c elementor-section-boxed elementor-section-height-default elementor-section-height-default\" data-id=\"68811d8c\" data-element_type=\"section\" data-e-type=\"section\" data-settings=\"{&quot;background_background&quot;:&quot;classic&quot;}\">\n\t\t\t\t\t\t<div class=\"elementor-container elementor-column-gap-no\">\n\t\t\t\t\t<div class=\"elementor-column elementor-col-100 elementor-top-column elementor-element elementor-element-635137fc\" data-id=\"635137fc\" data-element_type=\"column\" data-e-type=\"column\" data-settings=\"{&quot;background_background&quot;:&quot;classic&quot;}\">\n\t\t\t<div class=\"elementor-widget-wrap elementor-element-populated\">\n\t\t\t\t\t\t<div class=\"elementor-element elementor-element-35bb07ef elementor-widget elementor-widget-heading\" data-id=\"35bb07ef\" data-element_type=\"widget\" data-e-type=\"widget\" data-widget_type=\"heading.default\">\n\t\t\t\t<div class=\"elementor-widget-container\">\n\t\t\t\t\t<h2 class=\"elementor-heading-title elementor-size-default\">Nosotros<\/h2>\t\t\t\t<\/div>\n\t\t\t\t<\/div>\n\t\t\t\t\t<\/div>\n\t\t<\/div>\n\t\t\t\t\t<\/div>\n\t\t<\/section>\n\t\t\t\t<section class=\"elementor-section elementor-top-section elementor-element elementor-element-695d9620 elementor-section-boxed elementor-section-height-default elementor-section-height-default\" data-id=\"695d9620\" data-element_type=\"section\" data-e-type=\"section\">\n\t\t\t\t\t\t<div class=\"elementor-container elementor-column-gap-extended\">\n\t\t\t\t\t<div class=\"elementor-column elementor-col-50 elementor-top-column elementor-element elementor-element-3ab8bd90\" data-id=\"3ab8bd90\" data-element_type=\"column\" data-e-type=\"column\">\n\t\t\t<div class=\"elementor-widget-wrap elementor-element-populated\">\n\t\t\t\t\t\t<div class=\"elementor-element elementor-element-79de2f57 elementor-widget elementor-widget-image\" data-id=\"79de2f57\" data-element_type=\"widget\" data-e-type=\"widget\" data-widget_type=\"image.default\">\n\t\t\t\t<div class=\"elementor-widget-container\">\n\t\t\t\t\t\t\t\t\t\t\t\t\t\t\t<img fetchpriority=\"high\" decoding=\"async\" width=\"640\" height=\"537\" src=\"https:\/\/goldenhandsjoyas.com\/wp-content\/uploads\/2022\/06\/273581639_1742030459326376_2846797224937025209_n.png\" class=\"attachment-large size-large wp-image-12293\" alt=\"\" srcset=\"https:\/\/goldenhandsjoyas.com\/wp-content\/uploads\/2022\/06\/273581639_1742030459326376_2846797224937025209_n.png 940w, https:\/\/goldenhandsjoyas.com\/wp-content\/uploads\/2022\/06\/273581639_1742030459326376_2846797224937025209_n-300x251.png 300w, https:\/\/goldenhandsjoyas.com\/wp-content\/uploads\/2022\/06\/273581639_1742030459326376_2846797224937025209_n-768x644.png 768w, https:\/\/goldenhandsjoyas.com\/wp-content\/uploads\/2022\/06\/273581639_1742030459326376_2846797224937025209_n-670x562.png 670w\" sizes=\"(max-width: 640px) 100vw, 640px\" \/>\t\t\t\t\t\t\t\t\t\t\t\t\t\t\t<\/div>\n\t\t\t\t<\/div>\n\t\t\t\t\t<\/div>\n\t\t<\/div>\n\t\t\t\t<div class=\"elementor-column elementor-col-50 elementor-top-column elementor-element elementor-element-6e3daedb\" data-id=\"6e3daedb\" data-element_type=\"column\" data-e-type=\"column\">\n\t\t\t<div class=\"elementor-widget-wrap elementor-element-populated\">\n\t\t\t\t\t\t<div class=\"elementor-element elementor-element-5904d5cf elementor-widget elementor-widget-heading\" data-id=\"5904d5cf\" data-element_type=\"widget\" data-e-type=\"widget\" data-widget_type=\"heading.default\">\n\t\t\t\t<div class=\"elementor-widget-container\">\n\t\t\t\t\t<h6 class=\"elementor-heading-title elementor-size-default\">Nuestra Historia<\/h6>\t\t\t\t<\/div>\n\t\t\t\t<\/div>\n\t\t\t\t<div class=\"elementor-element elementor-element-56e64a63 elementor-widget elementor-widget-heading\" data-id=\"56e64a63\" data-element_type=\"widget\" data-e-type=\"widget\" data-widget_type=\"heading.default\">\n\t\t\t\t<div class=\"elementor-widget-container\">\n\t\t\t\t\t<h3 class=\"elementor-heading-title elementor-size-default\">Nosotros<\/h3>\t\t\t\t<\/div>\n\t\t\t\t<\/div>\n\t\t\t\t<div class=\"elementor-element elementor-element-ec0bd3f elementor-widget elementor-widget-text-editor\" data-id=\"ec0bd3f\" data-element_type=\"widget\" data-e-type=\"widget\" data-widget_type=\"text-editor.default\">\n\t\t\t\t<div class=\"elementor-widget-container\">\n\t\t\t\t\t\t\t\t\t<p>Ingresamos al maravilloso mundo de la Joyer\u00eda en el 2005 en una ciudad enclavada en los andes del norte del Per\u00fa, Cajamarca ciudad llena de historia, donde se di\u00f3 el punto de partida de la fusi\u00f3n de culturas y que hoy nos sigue inspirando con su magia y misticismo.<\/p><p>Creemos que la joyer\u00eda no solo es el delicado arte de trabajar el metal, sino que encierra mucho m\u00e1s, es capaz de plasmar emociones, est\u00e1 relacionada con muchos momentos importantes de nuestra vida, adem\u00e1s realza la belleza, la personalidad y estilo de quien las usa.\u00a0Como metalurgista, he trabajado en miner\u00eda muchos a\u00f1os lo que me hace conocer la naturaleza de los minerales, ser testigo de su transformaci\u00f3n en metales.<\/p><p>En el 2004 estudi\u00e9 joyer\u00eda, Con el metal en mis manos descubro esa mezcla perfecta entre ciencia y arte, as\u00ed nace Golden Hands, empresa que form\u00e9 en el 2005 para dise\u00f1ar, producir y comercializar joyas que satisfagan los gustos y deseos de nuestros clientes, con dise\u00f1os modernos sin dejar de lado nuestra identidad cultural, con responsabilidad social y ambiental,<\/p>\t\t\t\t\t\t\t\t<\/div>\n\t\t\t\t<\/div>\n\t\t\t\t\t<\/div>\n\t\t<\/div>\n\t\t\t\t\t<\/div>\n\t\t<\/section>\n\t\t\t\t<section class=\"elementor-section elementor-top-section elementor-element elementor-element-2deadd83 elementor-section-boxed elementor-section-height-default elementor-section-height-default\" data-id=\"2deadd83\" data-element_type=\"section\" data-e-type=\"section\">\n\t\t\t\t\t\t<div class=\"elementor-container elementor-column-gap-extended\">\n\t\t\t\t\t<div class=\"elementor-column elementor-col-50 elementor-top-column elementor-element elementor-element-29a198a0\" data-id=\"29a198a0\" data-element_type=\"column\" data-e-type=\"column\">\n\t\t\t<div class=\"elementor-widget-wrap elementor-element-populated\">\n\t\t\t\t\t\t<div class=\"elementor-element elementor-element-27452aa1 elementor-widget elementor-widget-heading\" data-id=\"27452aa1\" data-element_type=\"widget\" data-e-type=\"widget\" data-widget_type=\"heading.default\">\n\t\t\t\t<div class=\"elementor-widget-container\">\n\t\t\t\t\t<h6 class=\"elementor-heading-title elementor-size-default\">Nuestra Historia<\/h6>\t\t\t\t<\/div>\n\t\t\t\t<\/div>\n\t\t\t\t<div class=\"elementor-element elementor-element-266e7633 elementor-widget elementor-widget-heading\" data-id=\"266e7633\" data-element_type=\"widget\" data-e-type=\"widget\" data-widget_type=\"heading.default\">\n\t\t\t\t<div class=\"elementor-widget-container\">\n\t\t\t\t\t<h3 class=\"elementor-heading-title elementor-size-default\">Nosotros<\/h3>\t\t\t\t<\/div>\n\t\t\t\t<\/div>\n\t\t\t\t<div class=\"elementor-element elementor-element-7fc3ef8f elementor-widget elementor-widget-text-editor\" data-id=\"7fc3ef8f\" data-element_type=\"widget\" data-e-type=\"widget\" data-widget_type=\"text-editor.default\">\n\t\t\t\t<div class=\"elementor-widget-container\">\n\t\t\t\t\t\t\t\t\t<p>Desde el 2005 venimos trabajando joyas y utilitarios en oro de 18k y plata 950, manteniendo siempre nuestros pilares de calidad, honradez y Dise\u00f1o usando materia prima de procedencia legal y formal, de acabados perfectos y dise\u00f1os exclusivos hace que durante estos a\u00f1os tengamos clientes fieles y que a su vez nos recomienden a otros.<\/p><p>Nuestros colaboradores son nuestro mayor apoyo, con quienes hemos afinando destrezas. Durante estos 16 a\u00f1os venimos exhibiendo nuestras joyas a los hu\u00e9spedes y visitantes al hotel Costa del Sol de Cajamarca, hemos participado activamente en ferias locales, nacionales y en el extranjero.<\/p><p>Y desde el 2020 inauguramos una tienda en el centro cultural de la casa Espinach de artesan\u00eda junto con otros artesanos.\u00a0A nuestros clientes Con eficiencia, calidad y el arte en nuestras manos.<\/p>\t\t\t\t\t\t\t\t<\/div>\n\t\t\t\t<\/div>\n\t\t\t\t\t<\/div>\n\t\t<\/div>\n\t\t\t\t<div class=\"elementor-column elementor-col-50 elementor-top-column elementor-element elementor-element-399d8f45\" data-id=\"399d8f45\" data-element_type=\"column\" data-e-type=\"column\">\n\t\t\t<div class=\"elementor-widget-wrap elementor-element-populated\">\n\t\t\t\t\t\t<div class=\"elementor-element elementor-element-284648c8 elementor-widget elementor-widget-image\" data-id=\"284648c8\" data-element_type=\"widget\" data-e-type=\"widget\" data-widget_type=\"image.default\">\n\t\t\t\t<div class=\"elementor-widget-container\">\n\t\t\t\t\t\t\t\t\t\t\t\t\t\t\t<img decoding=\"async\" width=\"640\" height=\"537\" src=\"https:\/\/goldenhandsjoyas.com\/wp-content\/uploads\/2022\/06\/280459387_1801329566729798_2441871710281430328_n.jpg\" class=\"attachment-large size-large wp-image-12294\" alt=\"\" srcset=\"https:\/\/goldenhandsjoyas.com\/wp-content\/uploads\/2022\/06\/280459387_1801329566729798_2441871710281430328_n.jpg 940w, https:\/\/goldenhandsjoyas.com\/wp-content\/uploads\/2022\/06\/280459387_1801329566729798_2441871710281430328_n-300x251.jpg 300w, https:\/\/goldenhandsjoyas.com\/wp-content\/uploads\/2022\/06\/280459387_1801329566729798_2441871710281430328_n-768x644.jpg 768w, https:\/\/goldenhandsjoyas.com\/wp-content\/uploads\/2022\/06\/280459387_1801329566729798_2441871710281430328_n-670x562.jpg 670w\" sizes=\"(max-width: 640px) 100vw, 640px\" \/>\t\t\t\t\t\t\t\t\t\t\t\t\t\t\t<\/div>\n\t\t\t\t<\/div>\n\t\t\t\t\t<\/div>\n\t\t<\/div>\n\t\t\t\t\t<\/div>\n\t\t<\/section>\n\t\t\t\t<section class=\"elementor-section elementor-top-section elementor-element elementor-element-1a4019b5 elementor-section-boxed elementor-section-height-default elementor-section-height-default\" data-id=\"1a4019b5\" data-element_type=\"section\" data-e-type=\"section\" data-settings=\"{&quot;background_background&quot;:&quot;classic&quot;}\">\n\t\t\t\t\t\t<div class=\"elementor-container elementor-column-gap-no\">\n\t\t\t\t\t<div class=\"elementor-column elementor-col-100 elementor-top-column elementor-element elementor-element-3a1a9408\" data-id=\"3a1a9408\" data-element_type=\"column\" data-e-type=\"column\" data-settings=\"{&quot;background_background&quot;:&quot;classic&quot;}\">\n\t\t\t<div class=\"elementor-widget-wrap elementor-element-populated\">\n\t\t\t\t\t\t<div class=\"elementor-element elementor-element-55a7bec9 elementor-widget elementor-widget-text-editor\" data-id=\"55a7bec9\" data-element_type=\"widget\" data-e-type=\"widget\" data-widget_type=\"text-editor.default\">\n\t\t\t\t<div class=\"elementor-widget-container\">\n\t\t\t\t\t\t\t\t\t<p>A nuestros clientes Con eficiencia, calidad y el arte en nuestras manos.<\/p>\t\t\t\t\t\t\t\t<\/div>\n\t\t\t\t<\/div>\n\t\t\t\t\t<\/div>\n\t\t<\/div>\n\t\t\t\t\t<\/div>\n\t\t<\/section>\n\t\t\t\t<section class=\"elementor-section elementor-top-section elementor-element elementor-element-4202385e elementor-section-boxed elementor-section-height-default elementor-section-height-default\" data-id=\"4202385e\" data-element_type=\"section\" data-e-type=\"section\">\n\t\t\t\t\t\t<div class=\"elementor-container elementor-column-gap-extended\">\n\t\t\t\t\t<div class=\"elementor-column elementor-col-25 elementor-top-column elementor-element elementor-element-426bbfac\" data-id=\"426bbfac\" data-element_type=\"column\" data-e-type=\"column\">\n\t\t\t<div class=\"elementor-widget-wrap\">\n\t\t\t\t\t\t\t<\/div>\n\t\t<\/div>\n\t\t\t\t<div class=\"elementor-column elementor-col-25 elementor-top-column elementor-element elementor-element-b4ff28e\" data-id=\"b4ff28e\" data-element_type=\"column\" data-e-type=\"column\">\n\t\t\t<div class=\"elementor-widget-wrap elementor-element-populated\">\n\t\t\t\t\t\t<div class=\"elementor-element elementor-element-587b8304 elementor-widget elementor-widget-image\" data-id=\"587b8304\" data-element_type=\"widget\" data-e-type=\"widget\" data-widget_type=\"image.default\">\n\t\t\t\t<div class=\"elementor-widget-container\">\n\t\t\t\t\t\t\t\t\t\t\t\t\t\t\t<img decoding=\"async\" width=\"640\" height=\"934\" src=\"https:\/\/goldenhandsjoyas.com\/wp-content\/uploads\/2022\/11\/Juego-azul-702x1024.jpg\" class=\"attachment-large size-large wp-image-13095\" alt=\"\" srcset=\"https:\/\/goldenhandsjoyas.com\/wp-content\/uploads\/2022\/11\/Juego-azul-702x1024.jpg 702w, https:\/\/goldenhandsjoyas.com\/wp-content\/uploads\/2022\/11\/Juego-azul-206x300.jpg 206w, https:\/\/goldenhandsjoyas.com\/wp-content\/uploads\/2022\/11\/Juego-azul-768x1120.jpg 768w, https:\/\/goldenhandsjoyas.com\/wp-content\/uploads\/2022\/11\/Juego-azul-1053x1536.jpg 1053w, https:\/\/goldenhandsjoyas.com\/wp-content\/uploads\/2022\/11\/Juego-azul-1405x2048.jpg 1405w, https:\/\/goldenhandsjoyas.com\/wp-content\/uploads\/2022\/11\/Juego-azul-670x977.jpg 670w, https:\/\/goldenhandsjoyas.com\/wp-content\/uploads\/2022\/11\/Juego-azul-scaled.jpg 1756w\" sizes=\"(max-width: 640px) 100vw, 640px\" \/>\t\t\t\t\t\t\t\t\t\t\t\t\t\t\t<\/div>\n\t\t\t\t<\/div>\n\t\t\t\t<div class=\"elementor-element elementor-element-5ea6e983 elementor-widget elementor-widget-image\" data-id=\"5ea6e983\" data-element_type=\"widget\" data-e-type=\"widget\" data-widget_type=\"image.default\">\n\t\t\t\t<div class=\"elementor-widget-container\">\n\t\t\t\t\t\t\t\t\t\t\t\t\t\t\t<img loading=\"lazy\" decoding=\"async\" width=\"640\" height=\"480\" src=\"https:\/\/goldenhandsjoyas.com\/wp-content\/uploads\/2022\/11\/taller-y-nosotros-1-1024x768.jpg\" class=\"attachment-large size-large wp-image-13096\" alt=\"\" srcset=\"https:\/\/goldenhandsjoyas.com\/wp-content\/uploads\/2022\/11\/taller-y-nosotros-1-1024x768.jpg 1024w, https:\/\/goldenhandsjoyas.com\/wp-content\/uploads\/2022\/11\/taller-y-nosotros-1-300x225.jpg 300w, https:\/\/goldenhandsjoyas.com\/wp-content\/uploads\/2022\/11\/taller-y-nosotros-1-768x576.jpg 768w, https:\/\/goldenhandsjoyas.com\/wp-content\/uploads\/2022\/11\/taller-y-nosotros-1-670x503.jpg 670w, https:\/\/goldenhandsjoyas.com\/wp-content\/uploads\/2022\/11\/taller-y-nosotros-1.jpg 1032w\" sizes=\"(max-width: 640px) 100vw, 640px\" \/>\t\t\t\t\t\t\t\t\t\t\t\t\t\t\t<\/div>\n\t\t\t\t<\/div>\n\t\t\t\t\t<\/div>\n\t\t<\/div>\n\t\t\t\t<div class=\"elementor-column elementor-col-25 elementor-top-column elementor-element elementor-element-6f7cda36\" data-id=\"6f7cda36\" data-element_type=\"column\" data-e-type=\"column\">\n\t\t\t<div class=\"elementor-widget-wrap elementor-element-populated\">\n\t\t\t\t\t\t<div class=\"elementor-element elementor-element-1c7fa477 elementor-widget elementor-widget-image\" data-id=\"1c7fa477\" data-element_type=\"widget\" data-e-type=\"widget\" data-widget_type=\"image.default\">\n\t\t\t\t<div class=\"elementor-widget-container\">\n\t\t\t\t\t\t\t\t\t\t\t\t\t\t\t<img loading=\"lazy\" decoding=\"async\" width=\"640\" height=\"480\" src=\"https:\/\/goldenhandsjoyas.com\/wp-content\/uploads\/2022\/11\/taller-y-nosotros-2.jpg\" class=\"attachment-large size-large wp-image-13099\" alt=\"\" srcset=\"https:\/\/goldenhandsjoyas.com\/wp-content\/uploads\/2022\/11\/taller-y-nosotros-2.jpg 960w, https:\/\/goldenhandsjoyas.com\/wp-content\/uploads\/2022\/11\/taller-y-nosotros-2-300x225.jpg 300w, https:\/\/goldenhandsjoyas.com\/wp-content\/uploads\/2022\/11\/taller-y-nosotros-2-768x576.jpg 768w, https:\/\/goldenhandsjoyas.com\/wp-content\/uploads\/2022\/11\/taller-y-nosotros-2-670x503.jpg 670w\" sizes=\"(max-width: 640px) 100vw, 640px\" \/>\t\t\t\t\t\t\t\t\t\t\t\t\t\t\t<\/div>\n\t\t\t\t<\/div>\n\t\t\t\t<div class=\"elementor-element elementor-element-15ae89cf elementor-widget elementor-widget-image\" data-id=\"15ae89cf\" data-element_type=\"widget\" data-e-type=\"widget\" data-widget_type=\"image.default\">\n\t\t\t\t<div class=\"elementor-widget-container\">\n\t\t\t\t\t\t\t\t\t\t\t\t\t\t\t<img loading=\"lazy\" decoding=\"async\" width=\"640\" height=\"960\" src=\"https:\/\/goldenhandsjoyas.com\/wp-content\/uploads\/2022\/11\/Atrapa-suenos-de-oro-683x1024.jpg\" class=\"attachment-large size-large wp-image-13098\" alt=\"\" srcset=\"https:\/\/goldenhandsjoyas.com\/wp-content\/uploads\/2022\/11\/Atrapa-suenos-de-oro-683x1024.jpg 683w, https:\/\/goldenhandsjoyas.com\/wp-content\/uploads\/2022\/11\/Atrapa-suenos-de-oro-200x300.jpg 200w, https:\/\/goldenhandsjoyas.com\/wp-content\/uploads\/2022\/11\/Atrapa-suenos-de-oro-768x1152.jpg 768w, https:\/\/goldenhandsjoyas.com\/wp-content\/uploads\/2022\/11\/Atrapa-suenos-de-oro-1024x1536.jpg 1024w, https:\/\/goldenhandsjoyas.com\/wp-content\/uploads\/2022\/11\/Atrapa-suenos-de-oro-1365x2048.jpg 1365w, https:\/\/goldenhandsjoyas.com\/wp-content\/uploads\/2022\/11\/Atrapa-suenos-de-oro-670x1005.jpg 670w, https:\/\/goldenhandsjoyas.com\/wp-content\/uploads\/2022\/11\/Atrapa-suenos-de-oro-scaled.jpg 1707w\" sizes=\"(max-width: 640px) 100vw, 640px\" \/>\t\t\t\t\t\t\t\t\t\t\t\t\t\t\t<\/div>\n\t\t\t\t<\/div>\n\t\t\t\t\t<\/div>\n\t\t<\/div>\n\t\t\t\t<div class=\"elementor-column elementor-col-25 elementor-top-column elementor-element elementor-element-ec1b91a\" data-id=\"ec1b91a\" data-element_type=\"column\" data-e-type=\"column\">\n\t\t\t<div class=\"elementor-widget-wrap\">\n\t\t\t\t\t\t\t<\/div>\n\t\t<\/div>\n\t\t\t\t\t<\/div>\n\t\t<\/section>\n\t\t\t\t<section class=\"elementor-section elementor-top-section elementor-element elementor-element-73323de1 elementor-section-boxed elementor-section-height-default elementor-section-height-default\" data-id=\"73323de1\" data-element_type=\"section\" data-e-type=\"section\">\n\t\t\t\t\t\t<div class=\"elementor-container elementor-column-gap-extended\">\n\t\t\t\t\t<div class=\"elementor-column elementor-col-100 elementor-top-column elementor-element elementor-element-6c55ee92\" data-id=\"6c55ee92\" data-element_type=\"column\" data-e-type=\"column\">\n\t\t\t<div class=\"elementor-widget-wrap\">\n\t\t\t\t\t\t\t<\/div>\n\t\t<\/div>\n\t\t\t\t\t<\/div>\n\t\t<\/section>\n\t\t\t\t<section class=\"elementor-section elementor-top-section elementor-element elementor-element-24ef1599 elementor-section-boxed elementor-section-height-default elementor-section-height-default\" data-id=\"24ef1599\" data-element_type=\"section\" data-e-type=\"section\">\n\t\t\t\t\t\t<div class=\"elementor-container elementor-column-gap-default\">\n\t\t\t\t\t<div class=\"elementor-column elementor-col-100 elementor-top-column elementor-element elementor-element-65c8b2b\" data-id=\"65c8b2b\" data-element_type=\"column\" data-e-type=\"column\">\n\t\t\t<div class=\"elementor-widget-wrap elementor-element-populated\">\n\t\t\t\t\t\t<div class=\"elementor-element elementor-element-4b841b79 elementor-widget elementor-widget-razzi-heading\" data-id=\"4b841b79\" data-element_type=\"widget\" data-e-type=\"widget\" data-widget_type=\"razzi-heading.default\">\n\t\t\t\t<div class=\"elementor-widget-container\">\n\t\t\t\t\t<h2 class=\"razzi-heading-title\"> #goldenhandsjoyas<\/h2>\t\t\t\t<\/div>\n\t\t\t\t<\/div>\n\t\t\t\t<div class=\"elementor-element elementor-element-32cb6636 elementor-widget elementor-widget-text-editor\" data-id=\"32cb6636\" data-element_type=\"widget\" data-e-type=\"widget\" data-widget_type=\"text-editor.default\">\n\t\t\t\t<div class=\"elementor-widget-container\">\n\t\t\t\t\t\t\t\t\t<div>Creemos en nuestra comunidad<\/div>\t\t\t\t\t\t\t\t<\/div>\n\t\t\t\t<\/div>\n\t\t\t\t<div class=\"elementor-element elementor-element-383a36dd columns-6 columns--tablet4 columns--mobile3 elementor-widget elementor-widget-razzi-instagram-grid\" data-id=\"383a36dd\" data-element_type=\"widget\" data-e-type=\"widget\" data-widget_type=\"razzi-instagram-grid.default\">\n\t\t\t\t<div class=\"elementor-widget-container\">\n\t\t\t\t\t<div class=\"razzi-instagram-grid razzi-element-columns\"><ul class=\"instagram-wrapper\"><li class=\"instagram-item\"><a href=\"https:\/\/www.instagram.com\/p\/CiyPglBrbsS\/\" href=\"https:\/\/www.instagram.com\/p\/CiyPglBrbsS\/\"><img decoding=\"async\" src=\"http:\/\/goldenhandsjoyas.com\/wp-content\/uploads\/2022\/11\/307817088_5809585775771222_2496751942151651223_n.jpg\" loading=\"lazy\" alt=\"\"><\/a><\/li><li class=\"instagram-item\"><a href=\"https:\/\/www.instagram.com\/p\/Cf4hNriOA4m\/\" href=\"https:\/\/www.instagram.com\/p\/CiyPglBrbsS\/ https:\/\/www.instagram.com\/p\/Cf4hNriOA4m\/\"><img decoding=\"async\" src=\"http:\/\/goldenhandsjoyas.com\/wp-content\/uploads\/2022\/11\/293101858_157234506823428_1470087167368275931_n.jpg\" loading=\"lazy\" alt=\"\"><\/a><\/li><li class=\"instagram-item\"><a href=\"https:\/\/www.instagram.com\/p\/CJFlhvZBJLe\/\" href=\"https:\/\/www.instagram.com\/p\/CiyPglBrbsS\/ https:\/\/www.instagram.com\/p\/Cf4hNriOA4m\/ https:\/\/www.instagram.com\/p\/CJFlhvZBJLe\/\"><img decoding=\"async\" src=\"http:\/\/goldenhandsjoyas.com\/wp-content\/uploads\/2022\/11\/132002091_688971525143225_6199039442110195953_n.jpg\" loading=\"lazy\" alt=\"\"><\/a><\/li><li class=\"instagram-item\"><a href=\"https:\/\/www.instagram.com\/p\/CIr5vGGBSQD\/\" href=\"https:\/\/www.instagram.com\/p\/CiyPglBrbsS\/ https:\/\/www.instagram.com\/p\/Cf4hNriOA4m\/ https:\/\/www.instagram.com\/p\/CJFlhvZBJLe\/ https:\/\/www.instagram.com\/p\/CIr5vGGBSQD\/\"><img decoding=\"async\" src=\"http:\/\/goldenhandsjoyas.com\/wp-content\/uploads\/2022\/11\/130923718_140556377597511_6030326721498126042_n.jpg\" loading=\"lazy\" alt=\"\"><\/a><\/li><li class=\"instagram-item\"><a href=\"https:\/\/www.instagram.com\/p\/CIUZ_m_BROD\/\" href=\"https:\/\/www.instagram.com\/p\/CiyPglBrbsS\/ https:\/\/www.instagram.com\/p\/Cf4hNriOA4m\/ https:\/\/www.instagram.com\/p\/CJFlhvZBJLe\/ https:\/\/www.instagram.com\/p\/CIr5vGGBSQD\/ https:\/\/www.instagram.com\/p\/CIUZ_m_BROD\/\"><img decoding=\"async\" src=\"http:\/\/goldenhandsjoyas.com\/wp-content\/uploads\/2022\/11\/128912158_486740928965580_1532787406118453814_n.jpg\" loading=\"lazy\" alt=\"\"><\/a><\/li><li class=\"instagram-item\"><a href=\"https:\/\/www.instagram.com\/p\/CIPimDEBGY1\/\" href=\"https:\/\/www.instagram.com\/p\/CiyPglBrbsS\/ https:\/\/www.instagram.com\/p\/Cf4hNriOA4m\/ https:\/\/www.instagram.com\/p\/CJFlhvZBJLe\/ https:\/\/www.instagram.com\/p\/CIr5vGGBSQD\/ https:\/\/www.instagram.com\/p\/CIUZ_m_BROD\/ https:\/\/www.instagram.com\/p\/CIPimDEBGY1\/\"><img decoding=\"async\" src=\"http:\/\/goldenhandsjoyas.com\/wp-content\/uploads\/2022\/11\/128370874_693498261598021_665160564076038007_n.jpg\" loading=\"lazy\" alt=\"\"><\/a><\/li><\/ul><\/div>\t\t\t\t<\/div>\n\t\t\t\t<\/div>\n\t\t\t\t\t<\/div>\n\t\t<\/div>\n\t\t\t\t\t<\/div>\n\t\t<\/section>\n\t\t\t\t<\/div>\n\t\t","protected":false},"excerpt":{"rendered":"<p>Nosotros Nuestra Historia Nosotros Ingresamos al maravilloso mundo de la Joyer\u00eda en el 2005 en una ciudad enclavada en los andes del norte del Per\u00fa, Cajamarca ciudad llena de historia, donde se di\u00f3 el punto de partida de la fusi\u00f3n de culturas y que hoy nos sigue inspirando con su magia y misticismo. Creemos que [&hellip;]<\/p>\n","protected":false},"author":1,"featured_media":0,"parent":0,"menu_order":0,"comment_status":"closed","ping_status":"closed","template":"","meta":{"_themeisle_gutenberg_block_has_review":false,"footnotes":""},"class_list":["post-633","page","type-page","status-publish","hentry"],"aioseo_notices":[],"_links":{"self":[{"href":"https:\/\/goldenhandsjoyas.com\/index.php\/wp-json\/wp\/v2\/pages\/633","targetHints":{"allow":["GET"]}}],"collection":[{"href":"https:\/\/goldenhandsjoyas.com\/index.php\/wp-json\/wp\/v2\/pages"}],"about":[{"href":"https:\/\/goldenhandsjoyas.com\/index.php\/wp-json\/wp\/v2\/types\/page"}],"author":[{"embeddable":true,"href":"https:\/\/goldenhandsjoyas.com\/index.php\/wp-json\/wp\/v2\/users\/1"}],"replies":[{"embeddable":true,"href":"https:\/\/goldenhandsjoyas.com\/index.php\/wp-json\/wp\/v2\/comments?post=633"}],"version-history":[{"count":16,"href":"https:\/\/goldenhandsjoyas.com\/index.php\/wp-json\/wp\/v2\/pages\/633\/revisions"}],"predecessor-version":[{"id":13102,"href":"https:\/\/goldenhandsjoyas.com\/index.php\/wp-json\/wp\/v2\/pages\/633\/revisions\/13102"}],"wp:attachment":[{"href":"https:\/\/goldenhandsjoyas.com\/index.php\/wp-json\/wp\/v2\/media?parent=633"}],"curies":[{"name":"wp","href":"https:\/\/api.w.org\/{rel}","templated":true}]}}